{"id":1214,"date":"2021-05-06T22:58:16","date_gmt":"2021-05-07T03:58:16","guid":{"rendered":"https:\/\/centraldequimicos.com\/home\/?post_type=product&#038;p=1214"},"modified":"2021-05-14T00:35:44","modified_gmt":"2021-05-14T05:35:44","slug":"sulfuro-de-sodio","status":"publish","type":"product","link":"https:\/\/centraldequimicos.com\/home\/producto\/sulfuro-de-sodio\/","title":{"rendered":"Sulfuro De Sodio"},"content":{"rendered":"","protected":false},"excerpt":{"rendered":"<h4>Se usa para vaciar el colon. Se utiliza en otras aplicaciones, incluyendo la flotaci\u00f3n de minerales, la recuperaci\u00f3n de petr\u00f3leo, conservante de alimentos, haciendo los tintes, y productos de limpieza.<\/h4>\n","protected":false},"featured_media":1215,"template":"","meta":[],"product_brand":[],"product_cat":[31,33,28,34,24,25,30,32],"product_tag":[],"class_list":{"0":"post-1214","1":"product","2":"type-product","3":"status-publish","4":"has-post-thumbnail","6":"product_cat-alimenticios","7":"product_cat-cosmeticos","8":"product_cat-farmaceuticos","9":"product_cat-impresion-y-empaques","10":"product_cat-limpieza","11":"product_cat-mineria","12":"product_cat-plasticos-y-cauchos","13":"product_cat-textiles","15":"first","16":"instock","17":"shipping-taxable","18":"product-type-simple"},"_links":{"self":[{"href":"https:\/\/centraldequimicos.com\/home\/wp-json\/wp\/v2\/product\/1214","targetHints":{"allow":["GET"]}}],"collection":[{"href":"https:\/\/centraldequimicos.com\/home\/wp-json\/wp\/v2\/product"}],"about":[{"href":"https:\/\/centraldequimicos.com\/home\/wp-json\/wp\/v2\/types\/product"}],"wp:featuredmedia":[{"embeddable":true,"href":"https:\/\/centraldequimicos.com\/home\/wp-json\/wp\/v2\/media\/1215"}],"wp:attachment":[{"href":"https:\/\/centraldequimicos.com\/home\/wp-json\/wp\/v2\/media?parent=1214"}],"wp:term":[{"taxonomy":"product_brand","embeddable":true,"href":"https:\/\/centraldequimicos.com\/home\/wp-json\/wp\/v2\/product_brand?post=1214"},{"taxonomy":"product_cat","embeddable":true,"href":"https:\/\/centraldequimicos.com\/home\/wp-json\/wp\/v2\/product_cat?post=1214"},{"taxonomy":"product_tag","embeddable":true,"href":"https:\/\/centraldequimicos.com\/home\/wp-json\/wp\/v2\/product_tag?post=1214"}],"curies":[{"name":"wp","href":"https:\/\/api.w.org\/{rel}","templated":true}]}}