{"id":1202,"date":"2021-05-05T00:21:05","date_gmt":"2021-05-05T05:21:05","guid":{"rendered":"https:\/\/centraldequimicos.com\/home\/?post_type=product&#038;p=1202"},"modified":"2021-05-14T00:32:31","modified_gmt":"2021-05-14T05:32:31","slug":"percloroetileno","status":"publish","type":"product","link":"https:\/\/centraldequimicos.com\/home\/producto\/percloroetileno\/","title":{"rendered":"Percloroetileno"},"content":{"rendered":"","protected":false},"excerpt":{"rendered":"<h4>Disolvente l\u00edquido incoloro no inflamable con un olor dulce, parecido al \u00e9ter. Se utiliza principalmente en entornos industriales y tambi\u00e9n para la limpieza en seco de telas y el desengrasado de metales. Solvente utilizado en lavander\u00edas.<\/h4>\n","protected":false},"featured_media":1203,"template":"","meta":[],"product_brand":[],"product_cat":[34,24,27,25,35,32],"product_tag":[],"class_list":{"0":"post-1202","1":"product","2":"type-product","3":"status-publish","4":"has-post-thumbnail","6":"product_cat-impresion-y-empaques","7":"product_cat-limpieza","8":"product_cat-lubricantes","9":"product_cat-mineria","10":"product_cat-pinturas","11":"product_cat-textiles","13":"first","14":"instock","15":"shipping-taxable","16":"product-type-simple"},"_links":{"self":[{"href":"https:\/\/centraldequimicos.com\/home\/wp-json\/wp\/v2\/product\/1202","targetHints":{"allow":["GET"]}}],"collection":[{"href":"https:\/\/centraldequimicos.com\/home\/wp-json\/wp\/v2\/product"}],"about":[{"href":"https:\/\/centraldequimicos.com\/home\/wp-json\/wp\/v2\/types\/product"}],"wp:featuredmedia":[{"embeddable":true,"href":"https:\/\/centraldequimicos.com\/home\/wp-json\/wp\/v2\/media\/1203"}],"wp:attachment":[{"href":"https:\/\/centraldequimicos.com\/home\/wp-json\/wp\/v2\/media?parent=1202"}],"wp:term":[{"taxonomy":"product_brand","embeddable":true,"href":"https:\/\/centraldequimicos.com\/home\/wp-json\/wp\/v2\/product_brand?post=1202"},{"taxonomy":"product_cat","embeddable":true,"href":"https:\/\/centraldequimicos.com\/home\/wp-json\/wp\/v2\/product_cat?post=1202"},{"taxonomy":"product_tag","embeddable":true,"href":"https:\/\/centraldequimicos.com\/home\/wp-json\/wp\/v2\/product_tag?post=1202"}],"curies":[{"name":"wp","href":"https:\/\/api.w.org\/{rel}","templated":true}]}}