{"id":1170,"date":"2021-05-04T23:27:45","date_gmt":"2021-05-05T04:27:45","guid":{"rendered":"https:\/\/centraldequimicos.com\/home\/?post_type=product&#038;p=1170"},"modified":"2021-05-14T00:20:31","modified_gmt":"2021-05-14T05:20:31","slug":"carbonato-de-sodio","status":"publish","type":"product","link":"https:\/\/centraldequimicos.com\/home\/producto\/carbonato-de-sodio\/","title":{"rendered":"Carbonato De Sodio"},"content":{"rendered":"","protected":false},"excerpt":{"rendered":"<h4>Es una\u00a0sal\u00a0blanca y transl\u00facida usada entre otras cosas en la fabricaci\u00f3n de productos de aseo personal,\u00a0vidrio, tintes, cer\u00e1mica, ablandador de\u00a0aguas duras,\u00a0refinaci\u00f3n de petr\u00f3leos, producci\u00f3n de\u00a0aluminio,\u00a0textiles, pulpa y papel.<\/h4>\n","protected":false},"featured_media":1171,"template":"","meta":[],"product_brand":[],"product_cat":[31,28,24,27,25,26,32],"product_tag":[],"class_list":{"0":"post-1170","1":"product","2":"type-product","3":"status-publish","4":"has-post-thumbnail","6":"product_cat-alimenticios","7":"product_cat-farmaceuticos","8":"product_cat-limpieza","9":"product_cat-lubricantes","10":"product_cat-mineria","11":"product_cat-petroleo-y-gas","12":"product_cat-textiles","14":"first","15":"instock","16":"shipping-taxable","17":"product-type-simple"},"_links":{"self":[{"href":"https:\/\/centraldequimicos.com\/home\/wp-json\/wp\/v2\/product\/1170","targetHints":{"allow":["GET"]}}],"collection":[{"href":"https:\/\/centraldequimicos.com\/home\/wp-json\/wp\/v2\/product"}],"about":[{"href":"https:\/\/centraldequimicos.com\/home\/wp-json\/wp\/v2\/types\/product"}],"wp:featuredmedia":[{"embeddable":true,"href":"https:\/\/centraldequimicos.com\/home\/wp-json\/wp\/v2\/media\/1171"}],"wp:attachment":[{"href":"https:\/\/centraldequimicos.com\/home\/wp-json\/wp\/v2\/media?parent=1170"}],"wp:term":[{"taxonomy":"product_brand","embeddable":true,"href":"https:\/\/centraldequimicos.com\/home\/wp-json\/wp\/v2\/product_brand?post=1170"},{"taxonomy":"product_cat","embeddable":true,"href":"https:\/\/centraldequimicos.com\/home\/wp-json\/wp\/v2\/product_cat?post=1170"},{"taxonomy":"product_tag","embeddable":true,"href":"https:\/\/centraldequimicos.com\/home\/wp-json\/wp\/v2\/product_tag?post=1170"}],"curies":[{"name":"wp","href":"https:\/\/api.w.org\/{rel}","templated":true}]}}