{"id":1140,"date":"2021-05-04T00:16:01","date_gmt":"2021-05-04T05:16:01","guid":{"rendered":"https:\/\/centraldequimicos.com\/home\/?post_type=product&#038;p=1140"},"modified":"2021-05-13T23:55:08","modified_gmt":"2021-05-14T04:55:08","slug":"acetato-de-ethilo","status":"publish","type":"product","link":"https:\/\/centraldequimicos.com\/home\/producto\/acetato-de-ethilo\/","title":{"rendered":"Acetato De Ethilo"},"content":{"rendered":"","protected":false},"excerpt":{"rendered":"<hr \/>\n<ul>\n<li style=\"text-align: left;\">\n<h4>L\u00edquido incoloro miscible con hidrocarburos, cetonas, alcoholes y \u00e9teres. Se emplea en arte como disolvente universal. Se usa tambi\u00e9n en la fabricaci\u00f3n de pinturas, barnices, lacas, pl\u00e1sticos, tintas para impresi\u00f3n, fragancias.<\/h4>\n<\/li>\n<\/ul>\n","protected":false},"featured_media":1143,"template":"","meta":[],"product_brand":[],"product_cat":[31,33,34,24,25,35,30,32],"product_tag":[],"class_list":{"0":"post-1140","1":"product","2":"type-product","3":"status-publish","4":"has-post-thumbnail","6":"product_cat-alimenticios","7":"product_cat-cosmeticos","8":"product_cat-impresion-y-empaques","9":"product_cat-limpieza","10":"product_cat-mineria","11":"product_cat-pinturas","12":"product_cat-plasticos-y-cauchos","13":"product_cat-textiles","15":"first","16":"instock","17":"shipping-taxable","18":"product-type-simple"},"_links":{"self":[{"href":"https:\/\/centraldequimicos.com\/home\/wp-json\/wp\/v2\/product\/1140","targetHints":{"allow":["GET"]}}],"collection":[{"href":"https:\/\/centraldequimicos.com\/home\/wp-json\/wp\/v2\/product"}],"about":[{"href":"https:\/\/centraldequimicos.com\/home\/wp-json\/wp\/v2\/types\/product"}],"wp:featuredmedia":[{"embeddable":true,"href":"https:\/\/centraldequimicos.com\/home\/wp-json\/wp\/v2\/media\/1143"}],"wp:attachment":[{"href":"https:\/\/centraldequimicos.com\/home\/wp-json\/wp\/v2\/media?parent=1140"}],"wp:term":[{"taxonomy":"product_brand","embeddable":true,"href":"https:\/\/centraldequimicos.com\/home\/wp-json\/wp\/v2\/product_brand?post=1140"},{"taxonomy":"product_cat","embeddable":true,"href":"https:\/\/centraldequimicos.com\/home\/wp-json\/wp\/v2\/product_cat?post=1140"},{"taxonomy":"product_tag","embeddable":true,"href":"https:\/\/centraldequimicos.com\/home\/wp-json\/wp\/v2\/product_tag?post=1140"}],"curies":[{"name":"wp","href":"https:\/\/api.w.org\/{rel}","templated":true}]}}